870874007 a composite number?
False
Is 10102032103 a prime number?
False
Is 430064077 a composite number?
False
Is 1175930242 prime?
False
Is 5838960679 prime?
True
Is 64850815633 prime?
True
Is 28615784981 a prime number?
False
Is 7106215903 a prime number?
False
Is 8455487699 a composite number?
False
Is 54924979237 prime?
True
Is 934970969 a composite number?
False
Is 6991176077 a prime number?
True
Is 87894466829 a prime number?
False
Is 3898894673 composite?
False
Is 32025744887 composite?
True
Is 107148659 a composite number?
True
Is 13503097379 a composite number?
True
Is 417000137 a prime number?
True
Is 200828365 composite?
True
Is 10539130141 prime?
True
Is 1874346277 a prime number?
True
Is 2745303277 a prime number?
False
Is 38282617727 a prime number?
False
Is 783887911 a prime number?
True
Is 50343411629 a prime number?
False
Is 357427645 prime?
False
Is 1682898807 a prime number?
False
Is 6124930937 prime?
True
Is 29203193107 prime?
False
Is 19681389061 composite?
False
Is 360312587 a composite number?
True
Is 494620045 prime?
False
Is 4112409347 prime?
False
Is 910658141 a prime number?
False
Is 2424095117 composite?
False
Is 501774887 a prime number?
False
Is 294369373 a prime number?
False
Is 43862029 prime?
True
Is 73998359837 a composite number?
False
Is 1721231969 a composite number?
True
Is 13336035787 a composite number?
True
Is 9224138039 a composite number?
True
Is 749880851 a composite number?
False
Is 25983660133 a prime number?
True
Is 527088719 a composite number?
True
Is 9014264177 composite?
True
Is 3711847709 a prime number?
False
Is 139761664313 a composite number?
True
Is 33193263931 a prime number?
True
Is 9260162437 a composite number?
True
Is 5931184507 prime?
True
Is 370085503 composite?
True
Is 7752336707 a prime number?
False
Is 100380320401 a prime number?
True
Is 11914849231 prime?
False
Is 1824674119 a composite number?
False
Is 22093686581 prime?
False
Is 1800993967 a prime number?
True
Is 30251948633 composite?
False
Is 859176763 a composite number?
True
Is 835488487 a composite number?
True
Is 464251961 composite?
False
Is 11932771397 composite?
False
Is 50640024187 composite?
False
Is 88927193 composite?
False
Is 6683773801 prime?
True
Is 4349119183 composite?
True
Is 1282015669 a prime number?
False
Is 1763850007 a prime number?
True
Is 1041428617 a prime number?
True
Is 7742561443 composite?
False
Is 905779079 prime?
True
Is 1572482543 composite?
False
Is 20051765219 prime?
False
Is 5522276063 a prime number?
False
Is 559526599 a prime number?
True
Is 300783265 prime?
False
Is 22863380213 a prime number?
True
Is 13967136679 prime?
True
Is 832805621 composite?
False
Is 20036371559 prime?
True
Is 202648119551 a prime number?
True
Is 441707299 composite?
True
Is 55129293803 a prime number?
True
Is 38818009 composite?
False
Is 2521347089 a prime number?
True
Is 61085995 composite?
True
Is 509997779 prime?
True
Is 6245296687 prime?
False
Is 956713409 composite?
False
Is 941807747 a composite number?
True
Is 19186854781 prime?
True
Is 1760889083 a prime number?
True
Is 23718475043 composite?
False
Is 10503902789 a composite number?
False
Is 2202202819 prime?
True
Is 2918091931 a composite number?
False
Is 5197338397 composite?
False
Is 2231975311 a prime number?
True
Is 17303596087 composite?
False
Is 104759334817 a prime number?
False
Is 5077500187 prime?
True
Is 151856329 a prime number?
False
Is 984851383 prime?
True
Is 59035943257 composite?
False
Is 1243431851 a prime number?
True
Is 73004285021 a composite number?
True
Is 139005043 a composite number?
True
Is 10479815483 prime?
True
Is 10794291337 a prime number?
False
Is 708095863 a prime number?
True
Is 644780393 a prime number?
True
Is 4043430707 a composite number?
True
Is 15889359749 a prime number?
True
Is 2491105571 composite?
True
Is 226345321073 a prime number?
True
Is 21891142037 prime?
False
Is 56726353189 composite?
True
Is 160387013 prime?
False
Is 8398515061 a prime number?
True
Is 10800559687 a composite number?
False
Is 6377546647 a composite number?
True
Is 3176952781 a composite number?
True
Is 609401759 a prime number?
True
Is 9607580191 composite?
True
Is 28758650237 a prime number?
False
Is 30025961941 composite?
True
Is 73596241 a prime number?
False
Is 161869193 a prime number?
False
Is 12761294113 prime?
False
Is 105456163 prime?
True
Is 44269187 a prime number?
False
Is 1598407963 prime?
True
Is 15340696073 a composite number?
False
Is 10870689871 composite?
False
Is 19321048391 prime?
False
Is 3642316733 prime?
False
Is 411166279 a prime number?
False
Is 457937628743 a prime number?
False
Is 4400152499 a prime number?
True
Is 79061646047 a composite number?
True
Is 20749432265 prime?
False
Is 700697173 a prime number?
False
Is 368277953245 a composite number?
True
Is 7855047637 composite?
False
Is 75221723 a prime number?
False
Is 4184538793 composite?
False
Is 1849978387 composite?
True
Is 786215033 composite?
True
Is 671125519 prime?
True
Is 33301246039 a composite number?
False
Is 320426477 a prime number?
False
Is 828175151 composite?
True
Is 847912493 prime?
True
Is 364551427 composite?
True
Is 736745059 a composite number?
True
Is 2651661287 a composite number?
True
Is 62182779119 composite?
True
Is 3021265021 prime?
True
Is 2063737541 prime?
True
Is 2190726263 prime?
False
Is 24540492863 a prime number?
False
Is 15476197 a composite number?
True
Is 74003324233 prime?
False
Is 45071916107 a prime number?
False
Is 17537848021 prime?
True
Is 3024068617 a prime number?
True
Is 7409480081 a prime number?
True
Is 1087935847 composite?
True
Is 856503631 a composite number?
False
Is 35066558273 a prime number?
True
Is 72937087 a composite number?
False
Is 86964175027 a prime number?
True
Is 1868466757 a prime number?
True
Is 2159516679 prime?
False
Is 5679941843 a composite number?
True
Is 23027958383 a prime number?
True
Is 714193789 a prime number?
True
Is 18484628737 composite?
False
Is 1296311609 a prime number?
True
Is 138622727 a prime number?
False
Is 323792257 a prime number?
True
Is 691929313 a prime number?
False
Is 146342675551 composite?
False
Is 21059311739 a prime number?
False
Is 77476181 a composite number?
False
Is 1124142529 composite?
True
Is 893190191 a prime number?
True
Is 108677869799 prime?
True
Is 200514179 a prime number?
True
Is 5683350611 composite?
False
Is 88461950009 prime?
True
Is 17637114583 a composite number?
True
Is 132628492763 composite?
True
Is 931621571 composite?
True
Is 16298419661 prime?
True
Is 41973929 a composite number?
False
Is 8906500301 prime?
True
Is 1871911507 composite?
True
Is 1273423933 a composite number?
False
Is 572171113 composite?
True
Is 38498515751 composite?
False
Is 5930542861 a composite number?
True
Is 449443369 a prime number?
False
Is 45817402363 prime?
False
Is 14767110613 a composite number?
False
Is 28115120983 a composite number?
False
Is 5278837301 prime?
True
Is 1290678937 composite?
False
Is 74659816949 composite?
True
Is 2608638277 composite?
True
Is 9947270893 composite?
True
Is 313572793 a composite number?
False
Is 321942800467 a prime number?
True
Is 2904163109 a prime number?
False
Is 1657850941 a composite number?
False
Is 429009587 a prime number?
False
Is 6534785939 composite?
True
Is 714650273 a composite number?
True
Is 39302207383 composite?
True
Is 16895429737 a prime number?
True
Is 1285284907 a prime number?
False
Is 9094509481 a prime number?
True
Is 23254231319 prime?
False
Is 862065431 prime?
True
Is 5313695747 prime?
True
Is 1089382621 prime?
True
Is 30309337 prime?
False
Is 2862362941 a prime number?
False
Is 121367353 a composite number?
True
Is 133757887 a composite number?
True
Is 1726764163 a prime number?
True
Is 3374491319 prime?
False
Is 9481943533 a prime number?
True
Is 40517302559 a prime number?
False
Is 15222604843 prime?
True
Is 3928553 a composite number?
False
Is 65168810143 composite?
False
Is 28891739 a composite number?
False
Is 12000052447 prime?
True
Is 114858976109 prime?
False
Is 87654109 a composite number?
False
Is 12481717723 composite?
False
Is 617758577 a composite number?
False
Is 5294180299 a prime number?
True
Is 432881929 a prime number?
False
Is 33285076547 a composite number?
True
Is 240286